85)). What are the prime factors of 10/2*17/(a/(-504))?
2, 3
Let r(h) be the second derivative of 17*h - 1/20*h**5 + 7/2*h**3 + 1/6*h**4 + 0 + 3*h**2. What are the prime factors of r(-6)?
2, 3, 7
Suppose -899*o = -888*o - 2376. List the prime factors of o.
2, 3
Let y(l) = l**3 + 4*l**2 - 3*l - 7. Let o be y(-4). Suppose -366 = -o*z - 151. List the prime factors of z.
43
Suppose 4*c - 259375 = -q, 3*c - 39812 = 4*q + 154705. List the prime factors of c.
61, 1063
Suppose 0 = -2774*m + 2766*m + 4640. List the prime factors of m.
2, 5, 29
List the prime factors of 834479/68 - -6 - (1 + 5/(-4)).
2, 7, 877
Let f(r) = -1213*r**3 - r**2 + 18*r + 41. What are the prime factors of f(-3)?
23, 1423
Let n(k) = -3 + 3 + 10*k - 46*k - 7. Let s be n(-2). Suppose y + r - 7 = 8, 0 = 5*y + 3*r - s. What are the prime factors of y?
2, 5
Let m = 661 + -659. Suppose 29*b = m*b + 26568. What are the prime factors of b?
2, 3, 41
Suppose -1 = k, 0 = 4*b - 35*k + 39*k - 70672. List the prime factors of b.
17669
Let s(w) = -w**2 - 1. Let n(k) = k**3 - 10*k**2 - 17*k - 23. Let h(f) = -n(f) + 3*s(f). Let d be h(9). List the prime factors of 0/d + 1*5 + -1.
2
Let h be ((-253)/2 - 1)/1*-2. What are the prime factors of (15385/h)/((-1)/(-12)*2)?
2, 181
Let t be (0 + 1)*(-16 - -14) + 5. List the prime factors of (-81)/((12/(-8))/t).
2, 3
What are the prime factors of (-14)/(-49) + ((-38520)/(-28) - 8)?
2, 3, 19
Suppose 0 = 5*p - 12 - 8. Suppose z + 0*z + s - 161 = 0, -s = p*z - 659. List the prime factors of z.
2, 83
Suppose -13*a + 16729 = -17630. What are the prime factors of a?
3, 881
Let d(q) be the third derivative of -21*q**4/8 - 214*q**3/3 + 81*q**2 + 1. What are the prime factors of d(-18)?
2, 353
Suppose 4*y + 5*k = 302508, 4*y = 12*k - 13*k + 302476. What are the prime factors of y?
75617
Suppose 0 = 3*r - 2604 - 2028. Suppose -4*d - u = -4233 + r, -u = 3*d - 2018. List the prime factors of d.
11, 61
Suppose 0 = -h - 2*h - 3*g + 19353, 2*h = 2*g + 12894. List the prime factors of h.
6449
Let p = -39 + 39. Suppose p = -6*f - f + 2520. What are the prime factors of f?
2, 3, 5
Suppose 11*u - 13*u = 4*x - 12142, 5*x - 4*u - 15210 = 0. List the prime factors of x.
2, 7, 31
Let c(k) = 5*k**2 - 47*k - 120. Let j be c(27). Suppose -4*q - 3 = -q, -5*h = 4*q - j. What are the prime factors of h?
2, 113
Suppose -12*h + 29611 + 485 = 0. What are the prime factors of h?
2, 3, 11, 19
Let u(l) = -22*l**2 + 18*l + 2463. List the prime factors of u(0).
3, 821
Let y = -7398 - -26782. List the prime factors of y.
2, 2423
Let g = -243 - -376. Let f = 4 + g. Suppose 3*y = 4*d + 113, -y - 2*d = 2*y - f. What are the prime factors of y?
43
List the prime factors of (((-13196)/(-6))/(-2))/(19 - (-7196)/(-378)).
3, 3299
Suppose 0 = -x + 5 - 1. Suppose -4*j = -x*h + 348, -h + 117 = 6*j - j. Suppose 0 = -3*g + 4*g - h. List the prime factors of g.
2, 23
Let d = -15541 + 22374. What are the prime factors of d?
6833
Let z(d) = 18867*d + 26. List the prime factors of z(2).
2, 5, 59
Suppose 3627 + 6213 = 5*y. What are the prime factors of y?
2, 3, 41
Suppose 46*d = 3378 - 16304. Let k = d + 667. What are the prime factors of k?
2, 193
Let k be -2 - ((2 - 3) + 1649). Let a = k - -3299. List the prime factors of a.
17, 97
Let h(o) = 20*o - 110. Let t be h(6). List the prime factors of 94/1 + t + -8.
2, 3
Suppose -v - 2879 = -4*t, -129 = -2*t - 5*v + 1316. List the prime factors of t.
2, 3, 5
Suppose 217 = 10*k - 63. Suppose -n - k = -0*n. Let i = n + 63. What are the prime factors of i?
5, 7
Let u(i) = -6*i**3 + 2*i**2 + 16*i - 58. Let g be u(-10). Suppose 14*p = 5358 + g. What are the prime factors of p?
2, 3, 5
Let g(i) = -441*i**2 + i + 4. Let u be g(2). List the prime factors of u/(-9)*((-66)/(-4))/11.
293
Suppose 3 = -2*x + q + 7, -3*q - 3 = -3*x. Suppose 166 = d - x*t, -2*t = -4*d + 310 + 344. What are the prime factors of d?
163
Let o = 98 + -68. Suppose -28*h = -o*h. Suppose 2*x - 271 = 3*w, -w = 3*x - h*w - 434. What are the prime factors of x?
11, 13
Let k = 2060 + 2804. List the prime factors of k.
2, 19
Let m = 195 - 362. Let g = 294 + m. List the prime factors of g.
127
Let a = 319 + -315. Suppose a*n - 1539 = -15*n. List the prime factors of n.
3
What are the prime factors of ((-404)/(-101))/((-1)/(-4179))?
2, 3, 7, 199
Let c(l) = 15*l + 9. Let i(u) = -10*u - 6. Let x(a) = -5*c(a) - 7*i(a). Let r = 783 - 796. List the prime factors of x(r).
2, 31
Let m = -727 + 11169. List the prime factors of m.
2, 23, 227
Let f(t) = 14*t**2 + 4*t - 4. Let m be f(1). What are the prime factors of -154*m/(-4) + 5?
2, 17
Suppose -7 = -3*h - 2*j, -2*h - 3*j + 8 = -j. Let m(p) = 12*p**2 - 3*p - 3. Let q be m(h). What are the prime factors of ((-2)/q*-3)/((-7)/(-868))?
2, 31
Suppose -138*a + 951420 + 335072 = -147604. List the prime factors of a.
2, 3, 433
Let g(o) = -30*o**3 + 5*o**2 + 137*o + 1314. What are the prime factors of g(-9)?
2, 3, 23
Let a = 7 + 17. Suppose 16 = -2*n + g, -3*g - a = 2*n - 2*g. List the prime factors of (-1235)/(-25) - (-4)/n.
7
Let p(d) be the second derivative of 215*d**3/6 - 15*d**2/2 + 13*d + 7. List the prime factors of p(3).
2, 3, 5, 7
Let l = -348 + 345. Suppose 0*v = -2*v + 12. What are the prime factors of ((-3)/v)/(l/504)?
2, 3, 7
Let k(z) = -z**2 + 12*z + 20. Let w be k(15). Let p = w + 30. Let i(m) = 3*m**2 - 3*m + 10. List the prime factors of i(p).
2, 5, 7
Let k(n) = 8*n**2 - 2*n + 1. Let a be k(1). Suppose 0 = d - a*d. Suppose d = 4*p - y - 261, 2*y + 153 = 2*p - 3*y. What are the prime factors of p?
2
Let z be -1*(-1 + (-8)/(-4) + 6). Let v be (-162)/(-21) + -1*2/z. Suppose 3*h + v*h - 2057 = 0. List the prime factors of h.
11, 17
Let z(x) = 59*x + 959. List the prime factors of z(-7).
2, 3, 7, 13
Suppose -4*v - 4*m + 16 = 0, -2*v + 6*v - 4*m = 24. What are the prime factors of (-211)/(-1) + (8 - (v + 3))?
211
Suppose 0 = -23*g + 6027 + 7497. Let l = g + -38. List the prime factors of l.
2, 5, 11
Let s be (-511)/(-2)*(-3 + 5/1). Let c = s - 239. List the prime factors of c.
2, 17
Suppose 3*a - 21867 = 3*g, -27*a + 24*a + 2*g = -21864. What are the prime factors of a?
2, 3643
Suppose 638 + 1006 = 3*l. Suppose -8*h + 547 = -5*h - s, 0 = 3*h - 2*s - l. List the prime factors of h.
2, 7, 13
What are the prime factors of (-12 - 119/(-14))/((-9)/56142)?
7, 3119
Let n be 0/(2 + 0 + 0). Suppose -f + m + 35 + 43 = n, 5*m + 315 = 4*f. What are the prime factors of 11/(-2)*(5 - f/5)?
5, 11
Let f(b) = -5*b + 9. Let n be f(-1). Suppose 1605 = o + n*o. Suppose -a + 99 = z, z + 3*a = -0*a + o. What are the prime factors of z?
5, 19
Suppose -194*f = 8*f + 60*f - 12509976. List the prime factors of f.
2, 3, 23, 173
Let c(a) be the third derivative of -a**5/30 - 5*a**4/12 - 7*a**3/6 - 20*a**2. Let g be c(-4). What are the prime factors of 2334/9 - 0 - g/3?
7, 37
Suppose -23*w + 1263676 = 364554 - 217114. List the prime factors of w.
2, 11, 1103
Let x(d) = d**3 - 3*d**2 - 11*d - 4. Let p be x(-5). Let n be 4*p/(-6)*3 - 1. What are the prime factors of (-3 - (-15)/6) + n/2?
2, 37
Suppose o - 3*u - 456 = 475, 4*u = 0. List the prime factors of o.
7, 19
Let g = 435 - 306. Suppose 3*o = -5*s - g - 273, 159 = -2*s - 3*o. Let j = 87 + s. What are the prime factors of j?
2, 3
Suppose -2*d = -4*c + 142, -4*d - 4*c - 21 = 287. What are the prime factors of (-59315)/(-40) - (-2 + d/(-40))?
1483
Suppose 0 = 5*i - 2 - 8. Suppose 4 = -2*k, -q - i*q + 3*k + 432 = 0. What are the prime factors of (4/(-18) - 87/(-27)) + q?
5, 29
Suppose 0 = -5*c - 20, -5*p - 5*c + 73 = -122. Let g(m) = m**2 - m. Let k be g(4). Let b = k + p. What are the prime factors of b?
5, 11
Let p(z) = 2*z**2 - 2*z - 2. Let m be p(2). Let w = -1548 - -1637. Suppose -107 - w = -m*t. What are the prime factors of t?
2, 7
Let a(z) = 3 - 2*z + 3*z**2 + 0 - 10. Let t = -249 - -243. What are the prime factors of a(t)?
113
Suppose -2*m + 22 = 3*z, -m = -6*z + z + 2. Let t(n) = 4*n**2 + 30*n - 149. List the prime factors of t(m).
347
Suppose -5*w = -4*l - 919, -w - w - 695 = 3*l. Let o = 349 + l. List the prime factors of o.
2, 59
Suppose 236502 = -50*y + 31*y + 33*y. What are the prime factors of y?
3, 1877
Let g = -14306 - -29718. List the prime factors of g.
2, 3853
Let b(a) be the third derivative of 11/24*a**4 + 1/20*a**5 